{"id":29,"date":"2022-10-20T11:46:27","date_gmt":"2022-10-20T09:46:27","guid":{"rendered":"http:\/\/edc.ooteca.artedra.net\/wordpress\/?page_id=29"},"modified":"2023-03-24T11:10:06","modified_gmt":"2023-03-24T09:10:06","slug":"objectius","status":"publish","type":"page","link":"http:\/\/edc.ooteca.artedra.net\/wordpress\/?page_id=29","title":{"rendered":"Objectius"},"content":{"rendered":"\n<h2 class=\"wp-block-heading\">1: Implicar al professorat en el disseny del pla estrat\u00e8gic del Centre per assegurar el seu \u00e8xit:<\/h2>\n\n\n\n<ul class=\"wp-block-list\">\n<li>Proposar el mecanisme de participaci\u00f3<\/li>\n\n\n\n<li>Consensuar els objectius i accions d&#8217;EDC<\/li>\n\n\n\n<li>Consensuar la forma de participaci\u00f3<\/li>\n\n\n\n<li>Organitzar equips de treball i responsables<\/li>\n\n\n\n<li>Consensuar el pla de treball per a cada objectiu<\/li>\n\n\n\n<li>Fer el seguiment de cada objectiu<\/li>\n<\/ul>\n\n\n\n<h2 class=\"wp-block-heading\">2: Crear la documentaci\u00f3 de cultura digital per a la implementaci\u00f3 de l&#8217;EDC<\/h2>\n\n\n\n<ul class=\"wp-block-list\">\n<li>Document d&#8217;acollida de l&#8217;alumnat (p\u00fablic)<\/li>\n\n\n\n<li>Document d&#8217;acollida del docent (privat)<\/li>\n\n\n\n<li>Document d&#8217;acollida de les fam\u00edlies (p\u00fablic)<\/li>\n\n\n\n<li>Normativa digital (autoritzaci\u00f3 imatges\u2026)<\/li>\n\n\n\n<li>Normativa d\u2019\u00fas intern d\u2019eines i infraestructures digitals (privat)<\/li>\n\n\n\n<li>Infografies del flux de procediments<\/li>\n\n\n\n<li>Tutorial de Moodle<\/li>\n\n\n\n<li>Posar-ho tot a prova a l&#8217;inici de curs, valorar-ho i millorar-ho<\/li>\n<\/ul>\n\n\n\n<h2 class=\"wp-block-heading\">3. Establir una pol\u00edtica de gesti\u00f3 de dades respectuosa amb els drets digitals<\/h2>\n\n\n\n<ul class=\"wp-block-list\">\n<li>Concretar en un document el marc legal LOPD<\/li>\n\n\n\n<li>Recollir en un document la declaraci\u00f3 dels drets i principis digitals de la UE (EDRi)<\/li>\n\n\n\n<li>Avaluar el nivell de consist\u00e8ncia amb la LOPD i la EDRi de les diverses plataformes usades pel Centre<\/li>\n\n\n\n<li>Proposar mesures correctores<\/li>\n\n\n\n<li>Avaluar la viabilitat de les mesures correctores<\/li>\n\n\n\n<li>Consensuar les mesures a prendre<\/li>\n\n\n\n<li>Aplicar les mesures correctores<\/li>\n\n\n\n<li>Avaluar l&#8217;estat final aconseguit<\/li>\n<\/ul>\n\n\n\n<h2 class=\"wp-block-heading\">4. Establir un protocol de comunicaci\u00f3 intern del Centre i entre el Centre i la resta de la comunitat<\/h2>\n\n\n\n<ul class=\"wp-block-list\">\n<li>Analitzar el sistema de comunicaci\u00f3 actual entre l&#8217;escola i l&#8217;alumnat\/fam\u00edlies<\/li>\n\n\n\n<li>Analitzar el sistema de comunicaci\u00f3 intern actual entre professorat i\/amb l&#8217;administraci\u00f3<\/li>\n\n\n\n<li>Proposar els principis d&#8217;un protocol de comunicaci\u00f3<\/li>\n\n\n\n<li>Avaluar la viabilitat del protocol<\/li>\n\n\n\n<li>Consensuar el protocol<\/li>\n\n\n\n<li>Elaborar el protocol<\/li>\n\n\n\n<li>Aplicar el protocol<\/li>\n\n\n\n<li>Avaluar els resultats<\/li>\n<\/ul>\n\n\n\n<h2 class=\"wp-block-heading\">5. Formaci\u00f3 i repositori per a la col\u00b7laboraci\u00f3<\/h2>\n\n\n\n<ul class=\"wp-block-list\">\n<li>Configurar servidor local del Centre<\/li>\n\n\n\n<li>Dissenyar sistema d&#8217;accessos i carpetes al repositori<\/li>\n\n\n\n<li>Dissenyar protocol d&#8217;\u00fas pel professorat del repositori<\/li>\n\n\n\n<li>Decidir el procediment de manteniment del servidor local<\/li>\n\n\n\n<li>Dissenyar calendari col\u00b7laboratiu de formaci\u00f3 pel professorat<\/li>\n\n\n\n<li>Calendaritzar reunions \/ trobades exclusives per compartir coneixements pedag\u00f2gics i\/o sobre mat\u00e8ries d&#8217;inter\u00e8s.<\/li>\n\n\n\n<li>Dissenyar per part del professorat i calendaritzar trobades de formaci\u00f3 internes per compartir coneixements.<\/li>\n<\/ul>\n\n\n\n<h2 class=\"wp-block-heading\">6. Feedback EVA<\/h2>\n\n\n\n<ul class=\"wp-block-list\">\n<li>Implementaci\u00f3 del feedback EVA b\u00e0sic<\/li>\n\n\n\n<li>Dissenyar calendari Trobades mensuals dubtes EVA<\/li>\n\n\n\n<li>Implementaci\u00f3 del feedback EVA avan\u00e7at<\/li>\n\n\n\n<li>Avaluaci\u00f3 del Feeback EVA<\/li>\n<\/ul>\n\n\n\n<pre class=\"wp-block-code\"><code><\/code><\/pre>\n","protected":false},"excerpt":{"rendered":"<p>1: Implicar al professorat en el disseny del pla estrat\u00e8gic del Centre per assegurar el seu \u00e8xit: 2: Crear la documentaci\u00f3 de cultura digital per a la implementaci\u00f3 de l&#8217;EDC 3. Establir una pol\u00edtica de gesti\u00f3 de dades respectuosa amb els drets digitals 4. Establir un protocol de comunicaci\u00f3 intern del Centre i entre el &hellip; <a href=\"http:\/\/edc.ooteca.artedra.net\/wordpress\/?page_id=29\" class=\"more-link\">Continua la lectura de <span class=\"screen-reader-text\">Objectius<\/span><\/a><\/p>\n","protected":false},"author":1,"featured_media":0,"parent":0,"menu_order":0,"comment_status":"closed","ping_status":"closed","template":"","meta":{"footnotes":""},"class_list":["post-29","page","type-page","status-publish","hentry"],"_links":{"self":[{"href":"http:\/\/edc.ooteca.artedra.net\/wordpress\/index.php?rest_route=\/wp\/v2\/pages\/29","targetHints":{"allow":["GET"]}}],"collection":[{"href":"http:\/\/edc.ooteca.artedra.net\/wordpress\/index.php?rest_route=\/wp\/v2\/pages"}],"about":[{"href":"http:\/\/edc.ooteca.artedra.net\/wordpress\/index.php?rest_route=\/wp\/v2\/types\/page"}],"author":[{"embeddable":true,"href":"http:\/\/edc.ooteca.artedra.net\/wordpress\/index.php?rest_route=\/wp\/v2\/users\/1"}],"replies":[{"embeddable":true,"href":"http:\/\/edc.ooteca.artedra.net\/wordpress\/index.php?rest_route=%2Fwp%2Fv2%2Fcomments&post=29"}],"version-history":[{"count":7,"href":"http:\/\/edc.ooteca.artedra.net\/wordpress\/index.php?rest_route=\/wp\/v2\/pages\/29\/revisions"}],"predecessor-version":[{"id":164,"href":"http:\/\/edc.ooteca.artedra.net\/wordpress\/index.php?rest_route=\/wp\/v2\/pages\/29\/revisions\/164"}],"wp:attachment":[{"href":"http:\/\/edc.ooteca.artedra.net\/wordpress\/index.php?rest_route=%2Fwp%2Fv2%2Fmedia&parent=29"}],"curies":[{"name":"wp","href":"https:\/\/api.w.org\/{rel}","templated":true}]}}

<h2 class="wp-block-heading">1: Implicar al professorat en el disseny del pla estratègic del Centre per assegurar el seu èxit:</h2>



<ul class="wp-block-list">
<li>Proposar el mecanisme de participació</li>



<li>Consensuar els objectius i accions d&#8217;EDC</li>



<li>Consensuar la forma de participació</li>



<li>Organitzar equips de treball i responsables</li>



<li>Consensuar el pla de treball per a cada objectiu</li>



<li>Fer el seguiment de cada objectiu</li>
</ul>



<h2 class="wp-block-heading">2: Crear la documentació de cultura digital per a la implementació de l&#8217;EDC</h2>



<ul class="wp-block-list">
<li>Document d&#8217;acollida de l&#8217;alumnat (públic)</li>



<li>Document d&#8217;acollida del docent (privat)</li>



<li>Document d&#8217;acollida de les famílies (públic)</li>



<li>Normativa digital (autorització imatges…)</li>



<li>Normativa d’ús intern d’eines i infraestructures digitals (privat)</li>



<li>Infografies del flux de procediments</li>



<li>Tutorial de Moodle</li>



<li>Posar-ho tot a prova a l&#8217;inici de curs, valorar-ho i millorar-ho</li>
</ul>



<h2 class="wp-block-heading">3. Establir una política de gestió de dades respectuosa amb els drets digitals</h2>



<ul class="wp-block-list">
<li>Concretar en un document el marc legal LOPD</li>



<li>Recollir en un document la declaració dels drets i principis digitals de la UE (EDRi)</li>



<li>Avaluar el nivell de consistència amb la LOPD i la EDRi de les diverses plataformes usades pel Centre</li>



<li>Proposar mesures correctores</li>



<li>Avaluar la viabilitat de les mesures correctores</li>



<li>Consensuar les mesures a prendre</li>



<li>Aplicar les mesures correctores</li>



<li>Avaluar l&#8217;estat final aconseguit</li>
</ul>



<h2 class="wp-block-heading">4. Establir un protocol de comunicació intern del Centre i entre el Centre i la resta de la comunitat</h2>



<ul class="wp-block-list">
<li>Analitzar el sistema de comunicació actual entre l&#8217;escola i l&#8217;alumnat/famílies</li>



<li>Analitzar el sistema de comunicació intern actual entre professorat i/amb l&#8217;administració</li>



<li>Proposar els principis d&#8217;un protocol de comunicació</li>



<li>Avaluar la viabilitat del protocol</li>



<li>Consensuar el protocol</li>



<li>Elaborar el protocol</li>



<li>Aplicar el protocol</li>



<li>Avaluar els resultats</li>
</ul>



<h2 class="wp-block-heading">5. Formació i repositori per a la col·laboració</h2>



<ul class="wp-block-list">
<li>Configurar servidor local del Centre</li>



<li>Dissenyar sistema d&#8217;accessos i carpetes al repositori</li>



<li>Dissenyar protocol d&#8217;ús pel professorat del repositori</li>



<li>Decidir el procediment de manteniment del servidor local</li>



<li>Dissenyar calendari col·laboratiu de formació pel professorat</li>



<li>Calendaritzar reunions / trobades exclusives per compartir coneixements pedagògics i/o sobre matèries d&#8217;interès.</li>



<li>Dissenyar per part del professorat i calendaritzar trobades de formació internes per compartir coneixements.</li>
</ul>



<h2 class="wp-block-heading">6. Feedback EVA</h2>



<ul class="wp-block-list">
<li>Implementació del feedback EVA bàsic</li>



<li>Dissenyar calendari Trobades mensuals dubtes EVA</li>



<li>Implementació del feedback EVA avançat</li>



<li>Avaluació del Feeback EVA</li>
</ul>



<pre class="wp-block-code"><code></code></pre>

<p>1: Implicar al professorat en el disseny del pla estratègic del Centre per assegurar el seu èxit: 2: Crear la documentació de cultura digital per a la implementació de l&#8217;EDC 3. Establir una política de gestió de dades respectuosa amb els drets digitals 4. Establir un protocol de comunicació intern del Centre i entre el &hellip; <a href="http://edc.ooteca.artedra.net/wordpress/?page_id=29" class="more-link">Continua la lectura de <span class="screen-reader-text">Objectius</span></a></p>
