{"id":35,"date":"2022-10-20T11:48:45","date_gmt":"2022-10-20T09:48:45","guid":{"rendered":"http:\/\/edc.ooteca.artedra.net\/wordpress\/?page_id=35"},"modified":"2022-10-23T18:56:51","modified_gmt":"2022-10-23T16:56:51","slug":"competencia-digital-de-lalumnat","status":"publish","type":"page","link":"http:\/\/edc.ooteca.artedra.net\/wordpress\/?page_id=35","title":{"rendered":"Compet\u00e8ncia digital de l&#8217;alumnat"},"content":{"rendered":"\n<h4 class=\"wp-block-heading\">Desplegament<\/h4>\n\n\n\n<p>El centre est\u00e0 creant una r\u00fabrica concretant les compet\u00e8ncies digitals de l&#8217;alumnat d&#8217;estudis reglats per cada un dels cursos i adaptada al model del centre. A m\u00e9s, s&#8217;han recollit totes les activitats digitals que apareixen a les programacions de les mat\u00e8ries i els projectes. <strong>PDF pendent d&#8217;elaborar<\/strong>.<\/p>\n\n\n\n<h4 class=\"wp-block-heading\">Avaluaci\u00f3<\/h4>\n\n\n\n<p>Per tal de fer una avaluaci\u00f3 realment transversal d&#8217;aquesta compet\u00e8ncia, per cada cicle es crea un perfil especial i diferenciat de compet\u00e8ncia digital.<\/p>\n\n\n\n<p>Quan un professor\/a treballa i qualifica aquesta compet\u00e8ncia des de la seva mat\u00e8ria, accedeix al perfil creat i anota all\u00e0 l&#8217;activitat i la qualificaci\u00f3.<\/p>\n\n\n\n<p>Al final de curs, de manera consensuada, s&#8217;acorden els percentatges assignats a la qualificaci\u00f3 de cada una de les compet\u00e8ncies digitals per calcular la qualificaci\u00f3 global. Tamb\u00e9 de manera consensuada es redacta el comentari personalitzat de cada alumne\/a.<\/p>\n\n\n\n<p>Aix\u00f2 permet fer un seguiment de l&#8217;assoliment de l&#8217;alumnat, per\u00f2 tamb\u00e9 permet que el centre tingui visi\u00f3 de totes les activitats que es realitzen per aconseguir, ja sigui des de les mat\u00e8ries, des dels projectes o des de la tutoria.<\/p>\n\n\n\n<p><strong>PDF pendent d&#8217;elaborar<\/strong>.<\/p>\n","protected":false},"excerpt":{"rendered":"<p>Desplegament El centre est\u00e0 creant una r\u00fabrica concretant les compet\u00e8ncies digitals de l&#8217;alumnat d&#8217;estudis reglats per cada un dels cursos i adaptada al model del centre. A m\u00e9s, s&#8217;han recollit totes les activitats digitals que apareixen a les programacions de les mat\u00e8ries i els projectes. PDF pendent d&#8217;elaborar. Avaluaci\u00f3 Per tal de fer una avaluaci\u00f3 &hellip; <a href=\"http:\/\/edc.ooteca.artedra.net\/wordpress\/?page_id=35\" class=\"more-link\">Continua la lectura de <span class=\"screen-reader-text\">Compet\u00e8ncia digital de l&#8217;alumnat<\/span><\/a><\/p>\n","protected":false},"author":1,"featured_media":0,"parent":0,"menu_order":0,"comment_status":"closed","ping_status":"closed","template":"","meta":{"footnotes":""},"class_list":["post-35","page","type-page","status-publish","hentry"],"_links":{"self":[{"href":"http:\/\/edc.ooteca.artedra.net\/wordpress\/index.php?rest_route=\/wp\/v2\/pages\/35","targetHints":{"allow":["GET"]}}],"collection":[{"href":"http:\/\/edc.ooteca.artedra.net\/wordpress\/index.php?rest_route=\/wp\/v2\/pages"}],"about":[{"href":"http:\/\/edc.ooteca.artedra.net\/wordpress\/index.php?rest_route=\/wp\/v2\/types\/page"}],"author":[{"embeddable":true,"href":"http:\/\/edc.ooteca.artedra.net\/wordpress\/index.php?rest_route=\/wp\/v2\/users\/1"}],"replies":[{"embeddable":true,"href":"http:\/\/edc.ooteca.artedra.net\/wordpress\/index.php?rest_route=%2Fwp%2Fv2%2Fcomments&post=35"}],"version-history":[{"count":5,"href":"http:\/\/edc.ooteca.artedra.net\/wordpress\/index.php?rest_route=\/wp\/v2\/pages\/35\/revisions"}],"predecessor-version":[{"id":150,"href":"http:\/\/edc.ooteca.artedra.net\/wordpress\/index.php?rest_route=\/wp\/v2\/pages\/35\/revisions\/150"}],"wp:attachment":[{"href":"http:\/\/edc.ooteca.artedra.net\/wordpress\/index.php?rest_route=%2Fwp%2Fv2%2Fmedia&parent=35"}],"curies":[{"name":"wp","href":"https:\/\/api.w.org\/{rel}","templated":true}]}}

Competència digital de l&#8217;alumnat

<h4 class="wp-block-heading">Desplegament</h4>



<p>El centre està creant una rúbrica concretant les competències digitals de l&#8217;alumnat d&#8217;estudis reglats per cada un dels cursos i adaptada al model del centre. A més, s&#8217;han recollit totes les activitats digitals que apareixen a les programacions de les matèries i els projectes. <strong>PDF pendent d&#8217;elaborar</strong>.</p>



<h4 class="wp-block-heading">Avaluació</h4>



<p>Per tal de fer una avaluació realment transversal d&#8217;aquesta competència, per cada cicle es crea un perfil especial i diferenciat de competència digital.</p>



<p>Quan un professor/a treballa i qualifica aquesta competència des de la seva matèria, accedeix al perfil creat i anota allà l&#8217;activitat i la qualificació.</p>



<p>Al final de curs, de manera consensuada, s&#8217;acorden els percentatges assignats a la qualificació de cada una de les competències digitals per calcular la qualificació global. També de manera consensuada es redacta el comentari personalitzat de cada alumne/a.</p>



<p>Això permet fer un seguiment de l&#8217;assoliment de l&#8217;alumnat, però també permet que el centre tingui visió de totes les activitats que es realitzen per aconseguir, ja sigui des de les matèries, des dels projectes o des de la tutoria.</p>



<p><strong>PDF pendent d&#8217;elaborar</strong>.</p>

<p>Desplegament El centre està creant una rúbrica concretant les competències digitals de l&#8217;alumnat d&#8217;estudis reglats per cada un dels cursos i adaptada al model del centre. A més, s&#8217;han recollit totes les activitats digitals que apareixen a les programacions de les matèries i els projectes. PDF pendent d&#8217;elaborar. Avaluació Per tal de fer una avaluació &hellip; <a href="http://edc.ooteca.artedra.net/wordpress/?page_id=35" class="more-link">Continua la lectura de <span class="screen-reader-text">Competència digital de l&#8217;alumnat</span></a></p>
