{"id":39,"date":"2022-10-20T11:49:43","date_gmt":"2022-10-20T09:49:43","guid":{"rendered":"http:\/\/edc.ooteca.artedra.net\/wordpress\/?page_id=39"},"modified":"2024-04-02T20:42:45","modified_gmt":"2024-04-02T18:42:45","slug":"canals-de-comunicacio","status":"publish","type":"page","link":"http:\/\/edc.ooteca.artedra.net\/wordpress\/?page_id=39","title":{"rendered":"Canals de comunicaci\u00f3"},"content":{"rendered":"\n<p>Els canals de comunicaci\u00f3 digitals de l&#8217;escola s\u00f3n:<br>&#8211; Correu electr\u00f2nic<br>&#8211; P\u00e0gina web corporativa<br>&#8211; Xarxes Socials<br>&#8211; EVA moodle.artedra.net<br><br>I la resta de canals no digitals s\u00f3n:<br>&#8211; Tel\u00e8fon<br>&#8211; Trobades presencials a l&#8217;escola.<\/p>\n\n\n\n<p>Els canals de comunicaci\u00f3 s&#8217;utilitzen segons la tip\u00f2logia de missatge comunicatiu que s&#8217;estableix a nivell intern a l&#8217;escola (grup professorat, professorat-alumnat) i extern (fam\u00edlies i\/o institucions).<\/p>\n\n\n\n<h2 class=\"wp-block-heading\">Comunicaci\u00f3 escola i fam\u00edlies<\/h2>\n\n\n\n<p>Totes les informacions amb les fam\u00edlies es realitzaran per un dels seg\u00fcents canals:<\/p>\n\n\n\n<ul class=\"wp-block-list\">\n<li>per correu electr\u00f2nic, exclusivament amb l&#8217;adre\u00e7a que el centre ha subministrat a cada fam\u00edlia.<\/li>\n\n\n\n<li>per tel\u00e8fon, als indicats per la fam\u00edlia en els fulls de renovaci\u00f3 de matr\u00edcula.<\/li>\n\n\n\n<li>per videotrucada, exclusivament amb l&#8217;adre\u00e7a que el centre ha subministrat a cada fam\u00edlia.<\/li>\n\n\n\n<li>en persona, amb cita pr\u00e8via.<\/li>\n<\/ul>\n\n\n\n<h4 class=\"wp-block-heading\">P\u00e0gina web corporativa (artedra.net)<\/h4>\n\n\n\n<p>El centre disposa d&#8217;un web amb la informaci\u00f3 p\u00fablica. S&#8217;hi poden trobar informacions est\u00e0tiques, que es revisen peri\u00f2dicament (documentaci\u00f3, claustre, dates del curs, etc.) i articles din\u00e0mics sobre el que va succeint al centre dia a dia.<\/p>\n\n\n\n<p>Aquest web est\u00e0 realitzat a partir del CMS wordpress i est\u00e0 allotjada en un servidor propi que t\u00e9 l&#8217;escola.<\/p>\n\n\n\n<p>Per fer-ne l&#8217;actualitzaci\u00f3 se segueix el seg\u00fcent procediment:<br>Per fer-ne l&#8217;actualitzaci\u00f3 se segueix el seg\u00fcent procediment:<br>1. Es fa un recull de la informaci\u00f3 per part del professorat.<br>2. S&#8217;envia al responsable del seu manteniment via correu electr\u00f2nic.<br>3. Es penja dins dels terminis proposats per cada informaci\u00f3.<\/p>\n\n\n\n<h4 class=\"wp-block-heading\">Xarxes socials<\/h4>\n\n\n\n<p>El centre disposa de diferents perfils a les xarxes socials on s&#8217;informa peri\u00f2dicament  sobre el que va succeint al centre dia a dia.<\/p>\n\n\n\n<p>Per fer-ne l&#8217;actualitzaci\u00f3 se segueix el seg\u00fcent procediment:<br>1 . Omplir fitxa de difusi\u00f3. (<strong>PDF <a href=\"https:\/\/docs.google.com\/document\/d\/1JnJ4tY77BJEoLidI_4ZngcpokqNOLN-eJbOyD3YVsgI\/edit?usp=sharing\" data-type=\"link\" data-id=\"https:\/\/docs.google.com\/document\/d\/1JnJ4tY77BJEoLidI_4ZngcpokqNOLN-eJbOyD3YVsgI\/edit?usp=sharing\">AQU\u00cd<\/a><\/strong>)<br>2. Enviar a l&#8217;equip educatiu.<br>3. En 24 &#8211; 48 hores es penja a les xarxes socials de l&#8217;escola segons els requisits de cada servei.<\/p>\n\n\n\n<h4 class=\"wp-block-heading\">Intranet (moodle.artedra.net)<\/h4>\n\n\n\n<p>Per centralitzar la informaci\u00f3 i tasques docents, dins d&#8217;aquest web del centre, hi ha un enlla\u00e7 a al campus virtual www.moodle.artedra.net<\/p>\n\n\n\n<p>Per accedir-hi, s&#8217;ha d&#8217;utilitzar l&#8217;usuari de centre.<\/p>\n\n\n\n<p>L&#8217;alumnat i el professorat hi troben tota la informaci\u00f3 i els enlla\u00e7os necessaris per accedir a tota la informaci\u00f3 i a tots els recursos docents.<\/p>\n\n\n\n<h4 class=\"wp-block-heading\">Intranet (Gwido)<\/h4>\n\n\n\n<p>Per centralitzar la informaci\u00f3 sobre faltes d&#8217;\u00e0ssist\u00e8ncia i avaluaci\u00f3 de l&#8217;alumnat , el professorat del centre pot accedir al web<a href=\"https:\/\/artedra.gwido.cat\/\"> https:\/\/artedra.gwido.cat\/<\/a><\/p>\n\n\n\n<p>Per accedir-hi, s&#8217;ha d&#8217;utilitzar l&#8217;usuari de centre.<\/p>\n\n\n\n<p>Per saber com utilitzar-lo el professorat por consultar el seg\u00fcent document d&#8217;acollida (<strong>PDF pendent de penjar<\/strong>).<\/p>\n\n\n\n<h2 class=\"wp-block-heading\">Comunicaci\u00f3 professorat<\/h2>\n\n\n\n<p>Totes les informacions dins del claustre es realitzaran per un dels seg\u00fcents canals:<\/p>\n\n\n\n<ul class=\"wp-block-list\">\n<li>Correu electr\u00f2nic, exclusivament amb l&#8217;adre\u00e7a xtec de cada professor\/a per tasques relacionades dins d&#8217;un cicle, taller o claustre concret.<\/li>\n\n\n\n<li>Correu electr\u00f2nic, exclusivament amb l&#8217;adre\u00e7a xtec de cada professor\/a per tasques relacionades dper temes concrets dins de les tasques docents<\/li>\n\n\n\n<li>Per tel\u00e8fon, als indicats per la fam\u00edlia en els fulls de renovaci\u00f3 de matr\u00edcula.<\/li>\n\n\n\n<li>Per videotrucada del prove\u00efdor jitsi dins de moodle, exclusivament amb l&#8217;adre\u00e7a xtec de cada professor\/a per a reunions de cicle o claustre.<\/li>\n\n\n\n<li>En persona, per a reunions de cicle o claustre.<\/li>\n\n\n\n<li>Altres (cal determinar quins falten i per quin \u00fas estan destinats)<\/li>\n<\/ul>\n\n\n\n<p><code>[Autoria: Marta]<\/code><\/p>\n","protected":false},"excerpt":{"rendered":"<p>Els canals de comunicaci\u00f3 digitals de l&#8217;escola s\u00f3n:&#8211; Correu electr\u00f2nic&#8211; P\u00e0gina web corporativa&#8211; Xarxes Socials&#8211; EVA moodle.artedra.net I la resta de canals no digitals s\u00f3n:&#8211; Tel\u00e8fon&#8211; Trobades presencials a l&#8217;escola. Els canals de comunicaci\u00f3 s&#8217;utilitzen segons la tip\u00f2logia de missatge comunicatiu que s&#8217;estableix a nivell intern a l&#8217;escola (grup professorat, professorat-alumnat) i extern (fam\u00edlies i\/o &hellip; <a href=\"http:\/\/edc.ooteca.artedra.net\/wordpress\/?page_id=39\" class=\"more-link\">Continua la lectura de <span class=\"screen-reader-text\">Canals de comunicaci\u00f3<\/span><\/a><\/p>\n","protected":false},"author":1,"featured_media":0,"parent":0,"menu_order":0,"comment_status":"closed","ping_status":"closed","template":"","meta":{"footnotes":""},"class_list":["post-39","page","type-page","status-publish","hentry"],"_links":{"self":[{"href":"http:\/\/edc.ooteca.artedra.net\/wordpress\/index.php?rest_route=\/wp\/v2\/pages\/39","targetHints":{"allow":["GET"]}}],"collection":[{"href":"http:\/\/edc.ooteca.artedra.net\/wordpress\/index.php?rest_route=\/wp\/v2\/pages"}],"about":[{"href":"http:\/\/edc.ooteca.artedra.net\/wordpress\/index.php?rest_route=\/wp\/v2\/types\/page"}],"author":[{"embeddable":true,"href":"http:\/\/edc.ooteca.artedra.net\/wordpress\/index.php?rest_route=\/wp\/v2\/users\/1"}],"replies":[{"embeddable":true,"href":"http:\/\/edc.ooteca.artedra.net\/wordpress\/index.php?rest_route=%2Fwp%2Fv2%2Fcomments&post=39"}],"version-history":[{"count":7,"href":"http:\/\/edc.ooteca.artedra.net\/wordpress\/index.php?rest_route=\/wp\/v2\/pages\/39\/revisions"}],"predecessor-version":[{"id":213,"href":"http:\/\/edc.ooteca.artedra.net\/wordpress\/index.php?rest_route=\/wp\/v2\/pages\/39\/revisions\/213"}],"wp:attachment":[{"href":"http:\/\/edc.ooteca.artedra.net\/wordpress\/index.php?rest_route=%2Fwp%2Fv2%2Fmedia&parent=39"}],"curies":[{"name":"wp","href":"https:\/\/api.w.org\/{rel}","templated":true}]}}

Canals de comunicació

<p>Els canals de comunicació digitals de l&#8217;escola són:<br>&#8211; Correu electrònic<br>&#8211; Pàgina web corporativa<br>&#8211; Xarxes Socials<br>&#8211; EVA moodle.artedra.net<br><br>I la resta de canals no digitals són:<br>&#8211; Telèfon<br>&#8211; Trobades presencials a l&#8217;escola.</p>



<p>Els canals de comunicació s&#8217;utilitzen segons la tipòlogia de missatge comunicatiu que s&#8217;estableix a nivell intern a l&#8217;escola (grup professorat, professorat-alumnat) i extern (famílies i/o institucions).</p>



<h2 class="wp-block-heading">Comunicació escola i famílies</h2>



<p>Totes les informacions amb les famílies es realitzaran per un dels següents canals:</p>



<ul class="wp-block-list">
<li>per correu electrònic, exclusivament amb l&#8217;adreça que el centre ha subministrat a cada família.</li>



<li>per telèfon, als indicats per la família en els fulls de renovació de matrícula.</li>



<li>per videotrucada, exclusivament amb l&#8217;adreça que el centre ha subministrat a cada família.</li>



<li>en persona, amb cita prèvia.</li>
</ul>



<h4 class="wp-block-heading">Pàgina web corporativa (artedra.net)</h4>



<p>El centre disposa d&#8217;un web amb la informació pública. S&#8217;hi poden trobar informacions estàtiques, que es revisen periòdicament (documentació, claustre, dates del curs, etc.) i articles dinàmics sobre el que va succeint al centre dia a dia.</p>



<p>Aquest web està realitzat a partir del CMS wordpress i està allotjada en un servidor propi que té l&#8217;escola.</p>



<p>Per fer-ne l&#8217;actualització se segueix el següent procediment:<br>Per fer-ne l&#8217;actualització se segueix el següent procediment:<br>1. Es fa un recull de la informació per part del professorat.<br>2. S&#8217;envia al responsable del seu manteniment via correu electrònic.<br>3. Es penja dins dels terminis proposats per cada informació.</p>



<h4 class="wp-block-heading">Xarxes socials</h4>



<p>El centre disposa de diferents perfils a les xarxes socials on s&#8217;informa periòdicament  sobre el que va succeint al centre dia a dia.</p>



<p>Per fer-ne l&#8217;actualització se segueix el següent procediment:<br>1 . Omplir fitxa de difusió. (<strong>PDF <a href="https://docs.google.com/document/d/1JnJ4tY77BJEoLidI_4ZngcpokqNOLN-eJbOyD3YVsgI/edit?usp=sharing" data-type="link" data-id="https://docs.google.com/document/d/1JnJ4tY77BJEoLidI_4ZngcpokqNOLN-eJbOyD3YVsgI/edit?usp=sharing">AQUÍ</a></strong>)<br>2. Enviar a l&#8217;equip educatiu.<br>3. En 24 &#8211; 48 hores es penja a les xarxes socials de l&#8217;escola segons els requisits de cada servei.</p>



<h4 class="wp-block-heading">Intranet (moodle.artedra.net)</h4>



<p>Per centralitzar la informació i tasques docents, dins d&#8217;aquest web del centre, hi ha un enllaç a al campus virtual www.moodle.artedra.net</p>



<p>Per accedir-hi, s&#8217;ha d&#8217;utilitzar l&#8217;usuari de centre.</p>



<p>L&#8217;alumnat i el professorat hi troben tota la informació i els enllaços necessaris per accedir a tota la informació i a tots els recursos docents.</p>



<h4 class="wp-block-heading">Intranet (Gwido)</h4>



<p>Per centralitzar la informació sobre faltes d&#8217;àssistència i avaluació de l&#8217;alumnat , el professorat del centre pot accedir al web<a href="https://artedra.gwido.cat/"> https://artedra.gwido.cat/</a></p>



<p>Per accedir-hi, s&#8217;ha d&#8217;utilitzar l&#8217;usuari de centre.</p>



<p>Per saber com utilitzar-lo el professorat por consultar el següent document d&#8217;acollida (<strong>PDF pendent de penjar</strong>).</p>



<h2 class="wp-block-heading">Comunicació professorat</h2>



<p>Totes les informacions dins del claustre es realitzaran per un dels següents canals:</p>



<ul class="wp-block-list">
<li>Correu electrònic, exclusivament amb l&#8217;adreça xtec de cada professor/a per tasques relacionades dins d&#8217;un cicle, taller o claustre concret.</li>



<li>Correu electrònic, exclusivament amb l&#8217;adreça xtec de cada professor/a per tasques relacionades dper temes concrets dins de les tasques docents</li>



<li>Per telèfon, als indicats per la família en els fulls de renovació de matrícula.</li>



<li>Per videotrucada del proveïdor jitsi dins de moodle, exclusivament amb l&#8217;adreça xtec de cada professor/a per a reunions de cicle o claustre.</li>



<li>En persona, per a reunions de cicle o claustre.</li>



<li>Altres (cal determinar quins falten i per quin ús estan destinats)</li>
</ul>



<p><code>[Autoria: Marta]</code></p>

<p>Els canals de comunicació digitals de l&#8217;escola són:&#8211; Correu electrònic&#8211; Pàgina web corporativa&#8211; Xarxes Socials&#8211; EVA moodle.artedra.net I la resta de canals no digitals són:&#8211; Telèfon&#8211; Trobades presencials a l&#8217;escola. Els canals de comunicació s&#8217;utilitzen segons la tipòlogia de missatge comunicatiu que s&#8217;estableix a nivell intern a l&#8217;escola (grup professorat, professorat-alumnat) i extern (famílies i/o &hellip; <a href="http://edc.ooteca.artedra.net/wordpress/?page_id=39" class="more-link">Continua la lectura de <span class="screen-reader-text">Canals de comunicació</span></a></p>
