{"id":220,"date":"2024-04-11T10:12:12","date_gmt":"2024-04-11T08:12:12","guid":{"rendered":"https:\/\/edc.ooteca.artedra.net\/wordpress\/?page_id=220"},"modified":"2024-04-11T10:17:48","modified_gmt":"2024-04-11T08:17:48","slug":"formacio-digital","status":"publish","type":"page","link":"https:\/\/edc.ooteca.artedra.net\/wordpress\/?page_id=220","title":{"rendered":"Formaci\u00f3 digital"},"content":{"rendered":"\n<ul class=\"wp-block-list\">\n<li><a href=\"#durant\" data-type=\"internal\" data-id=\"#durant\">Durant el curs<\/a><\/li>\n\n\n\n<li><a href=\"#Un-cop-finalitzat-el-curs\" data-type=\"internal\" data-id=\"#Un-cop-finalitzat-el-curs\">Un cop finalitzat el curs<\/a><\/li>\n\n\n\n<li><a href=\"https:\/\/recursos.ooteca.artedra.net\/\">P\u00e0gina web recursos<\/a><\/li>\n<\/ul>\n\n\n\n<h3 class=\"wp-block-heading has-white-color has-medium-pink-background-color has-text-color has-background\" id=\"durant\">Durant el curs<\/h3>\n\n\n\n<div class=\"wp-block-columns is-layout-flex wp-container-core-columns-is-layout-9d6595d7 wp-block-columns-is-layout-flex\">\n<div class=\"wp-block-column is-vertically-aligned-center has-light-blue-background-color has-background is-layout-flow wp-block-column-is-layout-flow\" style=\"flex-basis:22.22%\">\n<p class=\"has-text-align-left\"><strong>GRUP<\/strong><\/p>\n<\/div>\n\n\n\n<div class=\"wp-block-column is-vertically-aligned-center has-light-blue-background-color has-background is-layout-flow wp-block-column-is-layout-flow\" style=\"flex-basis:44.45%\">\n<p><strong>ACCI\u00d3<\/strong><\/p>\n<\/div>\n\n\n\n<div class=\"wp-block-column has-light-blue-background-color has-background is-layout-flow wp-block-column-is-layout-flow\" style=\"flex-basis:33.33%\">\n<p><strong>RECURSOS<\/strong><\/p>\n<\/div>\n<\/div>\n\n\n\n<div class=\"wp-block-columns is-layout-flex wp-container-core-columns-is-layout-9d6595d7 wp-block-columns-is-layout-flex\">\n<div class=\"wp-block-column is-layout-flow wp-block-column-is-layout-flow\" style=\"flex-basis:22.22%\">\n<p><strong><strong>Professorat<\/strong><\/strong><\/p>\n<\/div>\n\n\n\n<div class=\"wp-block-column is-layout-flow wp-block-column-is-layout-flow\" style=\"flex-basis:44.45%\">\n<p><strong>Recollida de dubtes d&#8217;\u00fasos entorns digitals<\/strong><br>Procediment:<\/p>\n\n\n\n<ul class=\"wp-block-list\">\n<li>Redacci\u00f3 del dubte via correu electr\u00f2nic equip EDC.<\/li>\n\n\n\n<li>Resposta via correu electr\u00f2nic.<\/li>\n\n\n\n<li>Recull dubte i resposta a la web recursos moodle.<\/li>\n<\/ul>\n\n\n\n<p><strong>Formaci\u00f3<\/strong> de la infraestructura digital.<\/p>\n<\/div>\n\n\n\n<div class=\"wp-block-column is-layout-flow wp-block-column-is-layout-flow\" style=\"flex-basis:33.33%\">\n<p>Web recursos moodle <br>(<a href=\"https:\/\/recursos.ooteca.artedra.net\/\">https:\/\/recursos.ooteca.artedra.net\/<\/a>)<\/p>\n<\/div>\n<\/div>\n\n\n\n<h3 class=\"wp-block-heading has-white-color has-medium-pink-background-color has-text-color has-background\" id=\"Un-cop-finalitzat-el-curs\">Un cop finalitzat el curs<\/h3>\n\n\n\n<div class=\"wp-block-columns is-layout-flex wp-container-core-columns-is-layout-9d6595d7 wp-block-columns-is-layout-flex\">\n<div class=\"wp-block-column is-vertically-aligned-center has-light-blue-background-color has-background is-layout-flow wp-block-column-is-layout-flow\" style=\"flex-basis:22.22%\">\n<p class=\"has-text-align-left\"><strong>GRUP<\/strong><\/p>\n<\/div>\n\n\n\n<div class=\"wp-block-column is-vertically-aligned-center has-light-blue-background-color has-background is-layout-flow wp-block-column-is-layout-flow\" style=\"flex-basis:44.45%\">\n<p><strong>ACCI\u00d3<\/strong><\/p>\n<\/div>\n\n\n\n<div class=\"wp-block-column has-light-blue-background-color has-background is-layout-flow wp-block-column-is-layout-flow\" style=\"flex-basis:33.33%\">\n<p><strong>RECURSOS<\/strong><\/p>\n<\/div>\n<\/div>\n\n\n\n<div class=\"wp-block-columns is-layout-flex wp-container-core-columns-is-layout-9d6595d7 wp-block-columns-is-layout-flex\">\n<div class=\"wp-block-column is-layout-flow wp-block-column-is-layout-flow\" style=\"flex-basis:22.22%\">\n<p><strong><strong><strong>Professorat<\/strong><\/strong><\/strong><\/p>\n<\/div>\n\n\n\n<div class=\"wp-block-column is-layout-flow wp-block-column-is-layout-flow\" style=\"flex-basis:44.45%\">\n<p><strong>Formaci\u00f3 professorat recull recursos<\/strong> <strong>digitals<\/strong><\/p>\n\n\n\n<p>Procediment:<\/p>\n\n\n\n<ul class=\"wp-block-list\">\n<li>Programar formacions a mida de 2 a 4 hores on explicar els recursos recollits durant el curs o novetats a incorporar pel proper curs.<\/li>\n\n\n\n<li>Establir en el calendari de final de curs aquests 2 o 4 hores de formaci\u00f3 a mida dins del centre.<\/li>\n<\/ul>\n<\/div>\n\n\n\n<div class=\"wp-block-column is-layout-flow wp-block-column-is-layout-flow\" style=\"flex-basis:33.33%\">\n<p>Web recursos moodle.<\/p>\n<\/div>\n<\/div>\n","protected":false},"excerpt":{"rendered":"<p>Durant el curs GRUP ACCI\u00d3 RECURSOS Professorat Recollida de dubtes d&#8217;\u00fasos entorns digitalsProcediment: Formaci\u00f3 de la infraestructura digital. Web recursos moodle (https:\/\/recursos.ooteca.artedra.net\/) Un cop finalitzat el curs GRUP ACCI\u00d3 RECURSOS Professorat Formaci\u00f3 professorat recull recursos digitals Procediment: Web recursos moodle.<\/p>\n","protected":false},"author":2,"featured_media":0,"parent":0,"menu_order":0,"comment_status":"closed","ping_status":"closed","template":"","meta":{"footnotes":""},"class_list":["post-220","page","type-page","status-publish","hentry"],"_links":{"self":[{"href":"https:\/\/edc.ooteca.artedra.net\/wordpress\/index.php?rest_route=\/wp\/v2\/pages\/220","targetHints":{"allow":["GET"]}}],"collection":[{"href":"https:\/\/edc.ooteca.artedra.net\/wordpress\/index.php?rest_route=\/wp\/v2\/pages"}],"about":[{"href":"https:\/\/edc.ooteca.artedra.net\/wordpress\/index.php?rest_route=\/wp\/v2\/types\/page"}],"author":[{"embeddable":true,"href":"https:\/\/edc.ooteca.artedra.net\/wordpress\/index.php?rest_route=\/wp\/v2\/users\/2"}],"replies":[{"embeddable":true,"href":"https:\/\/edc.ooteca.artedra.net\/wordpress\/index.php?rest_route=%2Fwp%2Fv2%2Fcomments&post=220"}],"version-history":[{"count":3,"href":"https:\/\/edc.ooteca.artedra.net\/wordpress\/index.php?rest_route=\/wp\/v2\/pages\/220\/revisions"}],"predecessor-version":[{"id":225,"href":"https:\/\/edc.ooteca.artedra.net\/wordpress\/index.php?rest_route=\/wp\/v2\/pages\/220\/revisions\/225"}],"wp:attachment":[{"href":"https:\/\/edc.ooteca.artedra.net\/wordpress\/index.php?rest_route=%2Fwp%2Fv2%2Fmedia&parent=220"}],"curies":[{"name":"wp","href":"https:\/\/api.w.org\/{rel}","templated":true}]}}